{"id":15,"date":"2020-08-11T09:09:08","date_gmt":"2020-08-11T09:09:08","guid":{"rendered":"https:\/\/mckunterbund.carina-kreiert.at\/?page_id=15"},"modified":"2020-08-11T13:26:45","modified_gmt":"2020-08-11T13:26:45","slug":"verantwortliche","status":"publish","type":"page","link":"https:\/\/mckunterbunt.at\/index.php\/verantwortliche\/","title":{"rendered":"Verantwortliche"},"content":{"rendered":"<p>[et_pb_section fb_built=&#8220;1&#8243; _builder_version=&#8220;4.5.4&#8243; _module_preset=&#8220;default&#8220;][et_pb_row column_structure=&#8220;2_5,3_5&#8243; _builder_version=&#8220;4.5.4&#8243; _module_preset=&#8220;default&#8220;][et_pb_column type=&#8220;2_5&#8243; _builder_version=&#8220;4.5.4&#8243; _module_preset=&#8220;default&#8220;][et_pb_image src=&#8220;https:\/\/mckunterbunt.at\/wp-content\/uploads\/2020\/08\/Verantwortliche_IB.jpg&#8220; title_text=&#8220;Verantwortliche_IB&#8220; align=&#8220;center&#8220; disabled_on=&#8220;on|on|off&#8220; _builder_version=&#8220;4.5.4&#8243; _module_preset=&#8220;default&#8220; width=&#8220;60%&#8220; box_shadow_style=&#8220;preset3&#8243;][\/et_pb_image][et_pb_image src=&#8220;https:\/\/mckunterbunt.at\/wp-content\/uploads\/2020\/08\/Verantwortliche_IB.jpg&#8220; title_text=&#8220;Verantwortliche_IB&#8220; align=&#8220;center&#8220; disabled_on=&#8220;off|off|on&#8220; _builder_version=&#8220;4.5.4&#8243; _module_preset=&#8220;default&#8220; width=&#8220;40%&#8220; box_shadow_style=&#8220;preset3&#8243;][\/et_pb_image][\/et_pb_column][et_pb_column type=&#8220;3_5&#8243; _builder_version=&#8220;4.5.4&#8243; _module_preset=&#8220;default&#8220;][et_pb_text _builder_version=&#8220;4.5.4&#8243; _module_preset=&#8220;default&#8220; header_font=&#8220;Parisienne||||||||&#8220; header_text_color=&#8220;#4E847A&#8220; header_font_size=&#8220;40px&#8220; custom_margin=&#8220;||13px|||&#8220; header_font_size_tablet=&#8220;35px&#8220; header_font_size_phone=&#8220;&#8220; header_font_size_last_edited=&#8220;on|tablet&#8220;]<\/p>\n<h1>Dir. Irmgard Baum<\/h1>\n<p>[\/et_pb_text][et_pb_text _builder_version=&#8220;4.5.4&#8243; _module_preset=&#8220;default&#8220; header_font=&#8220;Parisienne||||||||&#8220; header_text_color=&#8220;#4E847A&#8220; header_font_size=&#8220;26px&#8220; custom_margin=&#8220;-11px|||||&#8220;]<\/p>\n<h1>Creativ Director<\/h1>\n<p>[\/et_pb_text][et_pb_text _builder_version=&#8220;4.5.4&#8243; _module_preset=&#8220;default&#8220;]<\/p>\n<p>Geboren in der Steiermark, verheiratet<br \/>Mutter zweier Kinder<br \/>Gro\u00dfmutter von zwei schulpflichtigen Enkelkindern<\/p>\n<p>Zeichnen, Malen, Lyrik &#8211; Autodidakt Tanzen seit fr\u00fchester Kindheit<br \/>T\u00fcrkei &#8211; Iran: Zugang zur orientalischen Kultur<br \/>Studium der angewandten Psychologie<\/p>\n<p>Begr\u00fcnderin der psychotherapeutischen lebensbegleitenden Methode der COSMOBIOTIC<\/p>\n<p>[\/et_pb_text][\/et_pb_column][\/et_pb_row][et_pb_row _builder_version=&#8220;4.5.4&#8243; _module_preset=&#8220;default&#8220; custom_padding=&#8220;0px|||||&#8220;][et_pb_column type=&#8220;4_4&#8243; _builder_version=&#8220;4.5.4&#8243; _module_preset=&#8220;default&#8220;][et_pb_text _builder_version=&#8220;4.5.4&#8243; _module_preset=&#8220;default&#8220; custom_margin=&#8220;||37px|||&#8220;]<\/p>\n<p>In der Zusammenarbeit mit Dr. Anna und Wolfgang Leopold Entwicklung der biologischen Mikron\u00e4hrstoffproduktpalette COSMOLIGHT.<\/p>\n<p>Fortbildungskurse im schulischen (VS, HS, BHS und AHS) und universit\u00e4ren Bildungsbereich sowie in der Kindergarten- und Hortp\u00e4dagogik<\/p>\n<p>Schwerpunkt bei Seminaren, Kursen und Ausbildungstrainings \u201elearning by doing\u201c K\u00f6rper- und Leibarbeit Konzentrations- und Konditionstraining Tanz- und Bewegungstherapie<\/p>\n<p>Jahrelang vernetzende Ausbildungstrainings f\u00fcr Psychologen, Psychotherapeuten, P\u00e4dagogen \u201eHeilende Schwingungen f\u00fcr K\u00f6rper, Geist und Seele\u201c<\/p>\n<p>2003: Entwicklung des MIDDLE EASTERN WOMAN DANCE<\/p>\n<p>2004: Begr\u00fcndung der Schule f\u00fcr Bewegung, Tanz und Kreativit\u00e4tsf\u00f6rderung MIDDLE EASTERN WOMAN DANCE<\/p>\n<p>2006: Begr\u00fcndung des COSMOLIGHT MIKRON\u00c4HRSTOFFKOLLEGS<\/p>\n<p>Ausstellungen seit 25 Jahren in den USA und in Europa<\/p>\n<p>Autorin zahlreicher bewusstseinsbildender und gesundheitsorientierender B\u00fccher, M\u00e4rchenb\u00fccher, Aphorismen und Bildb\u00e4nde<\/p>\n<p>[\/et_pb_text][\/et_pb_column][\/et_pb_row][et_pb_row column_structure=&#8220;2_5,3_5&#8243; _builder_version=&#8220;4.5.4&#8243; _module_preset=&#8220;default&#8220; custom_margin=&#8220;-4px|auto||auto||&#8220; custom_padding=&#8220;0px||6px|||&#8220;][et_pb_column type=&#8220;2_5&#8243; _builder_version=&#8220;4.5.4&#8243; _module_preset=&#8220;default&#8220;][et_pb_image src=&#8220;https:\/\/mckunterbunt.at\/wp-content\/uploads\/2020\/08\/Verantwortliche_CB.jpg&#8220; title_text=&#8220;Verantwortliche_CB&#8220; align=&#8220;center&#8220; _builder_version=&#8220;4.5.4&#8243; _module_preset=&#8220;default&#8220; width=&#8220;100%&#8220; custom_padding=&#8220;76px|||||&#8220; hover_enabled=&#8220;0&#8243; box_shadow_style=&#8220;preset3&#8243;][\/et_pb_image][\/et_pb_column][et_pb_column type=&#8220;3_5&#8243; _builder_version=&#8220;4.5.4&#8243; _module_preset=&#8220;default&#8220;][et_pb_text _builder_version=&#8220;4.5.4&#8243; _module_preset=&#8220;default&#8220; header_font=&#8220;Parisienne||||||||&#8220; header_text_color=&#8220;#4E847A&#8220; header_font_size=&#8220;40px&#8220; header_line_height=&#8220;1.1em&#8220; custom_margin=&#8220;||11px|||&#8220; header_font_size_tablet=&#8220;35px&#8220; header_font_size_phone=&#8220;&#8220; header_font_size_last_edited=&#8220;on|tablet&#8220; custom_padding=&#8220;23px|||||&#8220;]<\/p>\n<h1>DI (FH) Christoph Baum, MBA<\/h1>\n<p>[\/et_pb_text][et_pb_text _builder_version=&#8220;4.5.4&#8243; _module_preset=&#8220;default&#8220; header_font=&#8220;Parisienne||||||||&#8220; header_text_color=&#8220;#4E847A&#8220; header_font_size_tablet=&#8220;&#8220; header_font_size_phone=&#8220;26px&#8220; header_font_size_last_edited=&#8220;on|phone&#8220;]<\/p>\n<h1>Vertrieb<\/h1>\n<p>[\/et_pb_text][et_pb_text _builder_version=&#8220;4.5.4&#8243; _module_preset=&#8220;default&#8220;]<\/p>\n<p>2005: Diplomingenieur (FH) f\u00fcr Luftfahrt\/Aviation<\/p>\n<p>2008: Master of Business Administration<\/p>\n<p>2006: Internationales Marketing und Vertrieb f\u00fcr Sportflugzeuge (Berlin)<\/p>\n<p>2009: <span style=\"text-decoration: underline;\"><a href=\"https:\/\/www.christophbaum.at\/\">Selbst\u00e4ndiger Unternehmensberater &#8211; Entwicklung nachhaltiger Projekte<\/a><\/span><\/p>\n<p>2010: Spezialisierung auf Projekt- und Interimsmanagement in der Luftfahrtindustrie<\/p>\n<p>Privatpilot<\/p>\n<p>[\/et_pb_text][\/et_pb_column][\/et_pb_row][et_pb_row column_structure=&#8220;2_5,3_5&#8243; _builder_version=&#8220;4.5.4&#8243; _module_preset=&#8220;default&#8220; min_height=&#8220;717px&#8220; custom_padding=&#8220;65px|||||&#8220;][et_pb_column type=&#8220;2_5&#8243; _builder_version=&#8220;4.5.4&#8243; _module_preset=&#8220;default&#8220;][et_pb_image src=&#8220;https:\/\/mckunterbunt.at\/wp-content\/uploads\/2020\/08\/Verantwortliche_Gitta.jpg&#8220; title_text=&#8220;Verantwortliche_Gitta&#8220; align=&#8220;center&#8220; disabled_on=&#8220;on|on|off&#8220; _builder_version=&#8220;4.5.4&#8243; _module_preset=&#8220;default&#8220; width=&#8220;60%&#8220; box_shadow_style=&#8220;preset3&#8243;][\/et_pb_image][et_pb_image src=&#8220;https:\/\/mckunterbunt.at\/wp-content\/uploads\/2020\/08\/Verantwortliche_Gitta.jpg&#8220; title_text=&#8220;Verantwortliche_Gitta&#8220; align=&#8220;center&#8220; disabled_on=&#8220;off|off|on&#8220; _builder_version=&#8220;4.5.4&#8243; _module_preset=&#8220;default&#8220; width=&#8220;40%&#8220; box_shadow_style=&#8220;preset3&#8243;][\/et_pb_image][\/et_pb_column][et_pb_column type=&#8220;3_5&#8243; _builder_version=&#8220;4.5.4&#8243; _module_preset=&#8220;default&#8220;][et_pb_text _builder_version=&#8220;4.5.4&#8243; _module_preset=&#8220;default&#8220; header_font=&#8220;Parisienne||||||||&#8220; header_text_color=&#8220;#4E847A&#8220; header_font_size=&#8220;35px&#8220;]<\/p>\n<h1>Mag. Gitta Schr\u00f6dl &#8211; Ramseier<\/h1>\n<p>[\/et_pb_text][et_pb_text _builder_version=&#8220;4.5.4&#8243; _module_preset=&#8220;default&#8220; header_font=&#8220;Parisienne||||||||&#8220; header_text_color=&#8220;#4E847A&#8220; custom_margin=&#8220;-23px|||||&#8220; header_font_size_tablet=&#8220;&#8220; header_font_size_phone=&#8220;26px&#8220; header_font_size_last_edited=&#8220;on|phone&#8220;]<\/p>\n<h1>Lektorin<\/h1>\n<p>[\/et_pb_text][et_pb_text _builder_version=&#8220;4.5.4&#8243; _module_preset=&#8220;default&#8220;]<\/p>\n<p>AHS Professorin i.R.<\/p>\n<p>Tai Ji und QiGong Lehrerin <br \/>nach Chungliang Al Huang<\/p>\n<p>Diplomtanzlehrerin des MIDDLE EASTERN WOMAN DANCE<\/p>\n<p>Seit 20 Jahren Zusammenarbeit mit der COSMOBIOTIC Praxisgemeinschaft<\/p>\n<p>Lektorin s\u00e4mtlicher B\u00fccher, die im Verlag Mc Kunterbunt erschienen sind.<\/p>\n<p>Innerhalb des MIDDLE EASTERN WOMAN DANCE verantwortlich<br \/>f\u00fcr den meditativen Bewegungsbereich Qi Gong Tai Ji.<\/p>\n<p>[\/et_pb_text][\/et_pb_column][\/et_pb_row][\/et_pb_section]<\/p>\n","protected":false},"excerpt":{"rendered":"<p>[et_pb_section fb_built=&#8220;1&#8243; _builder_version=&#8220;4.5.4&#8243; _module_preset=&#8220;default&#8220;][et_pb_row column_structure=&#8220;2_5,3_5&#8243; _builder_version=&#8220;4.5.4&#8243; _module_preset=&#8220;default&#8220;][et_pb_column type=&#8220;2_5&#8243; _builder_version=&#8220;4.5.4&#8243; _module_preset=&#8220;default&#8220;][et_pb_image src=&#8220;https:\/\/mckunterbunt.at\/wp-content\/uploads\/2020\/08\/Verantwortliche_IB.jpg&#8220; title_text=&#8220;Verantwortliche_IB&#8220; align=&#8220;center&#8220; disabled_on=&#8220;on|on|off&#8220; _builder_version=&#8220;4.5.4&#8243; _module_preset=&#8220;default&#8220; width=&#8220;60%&#8220; box_shadow_style=&#8220;preset3&#8243;][\/et_pb_image][et_pb_image src=&#8220;https:\/\/mckunterbunt.at\/wp-content\/uploads\/2020\/08\/Verantwortliche_IB.jpg&#8220; title_text=&#8220;Verantwortliche_IB&#8220; align=&#8220;center&#8220; disabled_on=&#8220;off|off|on&#8220; _builder_version=&#8220;4.5.4&#8243; _module_preset=&#8220;default&#8220; width=&#8220;40%&#8220; box_shadow_style=&#8220;preset3&#8243;][\/et_pb_image][\/et_pb_column][et_pb_column type=&#8220;3_5&#8243; _builder_version=&#8220;4.5.4&#8243; _module_preset=&#8220;default&#8220;][et_pb_text _builder_version=&#8220;4.5.4&#8243; _module_preset=&#8220;default&#8220; header_font=&#8220;Parisienne||||||||&#8220; header_text_color=&#8220;#4E847A&#8220; header_font_size=&#8220;40px&#8220; custom_margin=&#8220;||13px|||&#8220; header_font_size_tablet=&#8220;35px&#8220; header_font_size_phone=&#8220;&#8220; header_font_size_last_edited=&#8220;on|tablet&#8220;] Dir. Irmgard Baum [\/et_pb_text][et_pb_text _builder_version=&#8220;4.5.4&#8243; _module_preset=&#8220;default&#8220; header_font=&#8220;Parisienne||||||||&#8220; header_text_color=&#8220;#4E847A&#8220; header_font_size=&#8220;26px&#8220; custom_margin=&#8220;-11px|||||&#8220;] Creativ Director [\/et_pb_text][et_pb_text _builder_version=&#8220;4.5.4&#8243; _module_preset=&#8220;default&#8220;] Geboren in [&hellip;]<\/p>\n","protected":false},"author":1,"featured_media":0,"parent":0,"menu_order":0,"comment_status":"closed","ping_status":"closed","template":"","meta":{"_et_pb_use_builder":"on","_et_pb_old_content":"<!-- wp:divi\/placeholder \/-->","_et_gb_content_width":""},"yoast_head":"<!-- This site is optimized with the Yoast SEO plugin v15.8 - https:\/\/yoast.com\/wordpress\/plugins\/seo\/ -->\n<title>Verantwortliche - Mc Kunterbunt<\/title>\n<meta name=\"robots\" content=\"index, follow, max-snippet:-1, max-image-preview:large, max-video-preview:-1\" \/>\n<link rel=\"canonical\" href=\"https:\/\/mckunterbunt.at\/index.php\/verantwortliche\/\" \/>\n<meta property=\"og:locale\" content=\"de_DE\" \/>\n<meta property=\"og:type\" content=\"article\" \/>\n<meta property=\"og:title\" content=\"Verantwortliche - Mc Kunterbunt\" \/>\n<meta property=\"og:description\" content=\"[et_pb_section fb_built=&#8220;1&#8243; _builder_version=&#8220;4.5.4&#8243; _module_preset=&#8220;default&#8220;][et_pb_row column_structure=&#8220;2_5,3_5&#8243; _builder_version=&#8220;4.5.4&#8243; _module_preset=&#8220;default&#8220;][et_pb_column type=&#8220;2_5&#8243; _builder_version=&#8220;4.5.4&#8243; _module_preset=&#8220;default&#8220;][et_pb_image src=&#8220;https:\/\/mckunterbunt.at\/wp-content\/uploads\/2020\/08\/Verantwortliche_IB.jpg&#8220; title_text=&#8220;Verantwortliche_IB&#8220; align=&#8220;center&#8220; disabled_on=&#8220;on|on|off&#8220; _builder_version=&#8220;4.5.4&#8243; _module_preset=&#8220;default&#8220; width=&#8220;60%&#8220; box_shadow_style=&#8220;preset3&#8243;][\/et_pb_image][et_pb_image src=&#8220;https:\/\/mckunterbunt.at\/wp-content\/uploads\/2020\/08\/Verantwortliche_IB.jpg&#8220; title_text=&#8220;Verantwortliche_IB&#8220; align=&#8220;center&#8220; disabled_on=&#8220;off|off|on&#8220; _builder_version=&#8220;4.5.4&#8243; _module_preset=&#8220;default&#8220; width=&#8220;40%&#8220; box_shadow_style=&#8220;preset3&#8243;][\/et_pb_image][\/et_pb_column][et_pb_column type=&#8220;3_5&#8243; _builder_version=&#8220;4.5.4&#8243; _module_preset=&#8220;default&#8220;][et_pb_text _builder_version=&#8220;4.5.4&#8243; _module_preset=&#8220;default&#8220; header_font=&#8220;Parisienne||||||||&#8220; header_text_color=&#8220;#4E847A&#8220; header_font_size=&#8220;40px&#8220; custom_margin=&#8220;||13px|||&#8220; header_font_size_tablet=&#8220;35px&#8220; header_font_size_phone=&#8220;&#8220; header_font_size_last_edited=&#8220;on|tablet&#8220;] Dir. Irmgard Baum [\/et_pb_text][et_pb_text _builder_version=&#8220;4.5.4&#8243; _module_preset=&#8220;default&#8220; header_font=&#8220;Parisienne||||||||&#8220; header_text_color=&#8220;#4E847A&#8220; header_font_size=&#8220;26px&#8220; custom_margin=&#8220;-11px|||||&#8220;] Creativ Director [\/et_pb_text][et_pb_text _builder_version=&#8220;4.5.4&#8243; _module_preset=&#8220;default&#8220;] Geboren in [&hellip;]\" \/>\n<meta property=\"og:url\" content=\"https:\/\/mckunterbunt.at\/index.php\/verantwortliche\/\" \/>\n<meta property=\"og:site_name\" content=\"Mc Kunterbunt\" \/>\n<meta property=\"article:modified_time\" content=\"2020-08-11T13:26:45+00:00\" \/>\n<meta name=\"twitter:card\" content=\"summary_large_image\" \/>\n<meta name=\"twitter:label1\" content=\"Gesch\u00e4tzte Lesezeit\">\n\t<meta name=\"twitter:data1\" content=\"4\u00a0Minuten\">\n<script type=\"application\/ld+json\" class=\"yoast-schema-graph\">{\"@context\":\"https:\/\/schema.org\",\"@graph\":[{\"@type\":\"WebSite\",\"@id\":\"https:\/\/mckunterbunt.at\/#website\",\"url\":\"https:\/\/mckunterbunt.at\/\",\"name\":\"Mc Kunterbunt\",\"description\":\"F\\u00fcr Leser die das besondere lieben\",\"potentialAction\":[{\"@type\":\"SearchAction\",\"target\":\"https:\/\/mckunterbunt.at\/?s={search_term_string}\",\"query-input\":\"required name=search_term_string\"}],\"inLanguage\":\"de\"},{\"@type\":\"WebPage\",\"@id\":\"https:\/\/mckunterbunt.at\/index.php\/verantwortliche\/#webpage\",\"url\":\"https:\/\/mckunterbunt.at\/index.php\/verantwortliche\/\",\"name\":\"Verantwortliche - Mc Kunterbunt\",\"isPartOf\":{\"@id\":\"https:\/\/mckunterbunt.at\/#website\"},\"datePublished\":\"2020-08-11T09:09:08+00:00\",\"dateModified\":\"2020-08-11T13:26:45+00:00\",\"breadcrumb\":{\"@id\":\"https:\/\/mckunterbunt.at\/index.php\/verantwortliche\/#breadcrumb\"},\"inLanguage\":\"de\",\"potentialAction\":[{\"@type\":\"ReadAction\",\"target\":[\"https:\/\/mckunterbunt.at\/index.php\/verantwortliche\/\"]}]},{\"@type\":\"BreadcrumbList\",\"@id\":\"https:\/\/mckunterbunt.at\/index.php\/verantwortliche\/#breadcrumb\",\"itemListElement\":[{\"@type\":\"ListItem\",\"position\":1,\"item\":{\"@type\":\"WebPage\",\"@id\":\"https:\/\/mckunterbunt.at\/\",\"url\":\"https:\/\/mckunterbunt.at\/\",\"name\":\"Startseite\"}},{\"@type\":\"ListItem\",\"position\":2,\"item\":{\"@type\":\"WebPage\",\"@id\":\"https:\/\/mckunterbunt.at\/index.php\/verantwortliche\/\",\"url\":\"https:\/\/mckunterbunt.at\/index.php\/verantwortliche\/\",\"name\":\"Verantwortliche\"}}]}]}<\/script>\n<!-- \/ Yoast SEO plugin. -->","_links":{"self":[{"href":"https:\/\/mckunterbunt.at\/index.php\/wp-json\/wp\/v2\/pages\/15"}],"collection":[{"href":"https:\/\/mckunterbunt.at\/index.php\/wp-json\/wp\/v2\/pages"}],"about":[{"href":"https:\/\/mckunterbunt.at\/index.php\/wp-json\/wp\/v2\/types\/page"}],"author":[{"embeddable":true,"href":"https:\/\/mckunterbunt.at\/index.php\/wp-json\/wp\/v2\/users\/1"}],"replies":[{"embeddable":true,"href":"https:\/\/mckunterbunt.at\/index.php\/wp-json\/wp\/v2\/comments?post=15"}],"version-history":[{"count":15,"href":"https:\/\/mckunterbunt.at\/index.php\/wp-json\/wp\/v2\/pages\/15\/revisions"}],"predecessor-version":[{"id":120,"href":"https:\/\/mckunterbunt.at\/index.php\/wp-json\/wp\/v2\/pages\/15\/revisions\/120"}],"wp:attachment":[{"href":"https:\/\/mckunterbunt.at\/index.php\/wp-json\/wp\/v2\/media?parent=15"}],"curies":[{"name":"wp","href":"https:\/\/api.w.org\/{rel}","templated":true}]}}